{"id":10,"date":"2021-05-28T07:40:26","date_gmt":"2021-05-28T12:40:26","guid":{"rendered":"https:\/\/www.faae.org.co\/colombiabiodiversa\/?page_id=10"},"modified":"2026-04-15T13:56:16","modified_gmt":"2026-04-15T18:56:16","slug":"instrucciones-para-la-aplicacion","status":"publish","type":"page","link":"https:\/\/www.faae.org.co\/colombiabiodiversa\/instrucciones-para-la-aplicacion\/","title":{"rendered":"Instrucciones para la aplicaci\u00f3n"},"content":{"rendered":"","protected":false},"excerpt":{"rendered":"","protected":false},"author":1,"featured_media":0,"parent":0,"menu_order":0,"comment_status":"closed","ping_status":"closed","template":"","meta":{"_acf_changed":false,"footnotes":""},"class_list":["post-10","page","type-page","status-publish","hentry"],"acf":[],"yoast_head":"<!-- This site is optimized with the Yoast SEO plugin v27.5 - https:\/\/yoast.com\/product\/yoast-seo-wordpress\/ -->\n<title>Instrucciones para la aplicaci\u00f3n - Becas Colombia Biodiversa<\/title>\n<meta name=\"description\" content=\"Convocatoria II \u2013 2025, del 14 de enero al 13 de marzo. Las Becas Colombia Biodiversa est\u00e1n dirigidas a estudiantes de pregrado y maestr\u00eda para apoyar tesis de grado sobre conocimiento, conservaci\u00f3n y uso sostenible de la biodiversidad de Colombia.\" \/>\n<meta name=\"robots\" content=\"index, follow, max-snippet:-1, max-image-preview:large, max-video-preview:-1\" \/>\n<link rel=\"canonical\" href=\"https:\/\/www.faae.org.co\/colombiabiodiversa\/instrucciones-para-la-aplicacion\/\" \/>\n<meta property=\"og:locale\" content=\"es_ES\" \/>\n<meta property=\"og:type\" content=\"article\" \/>\n<meta property=\"og:title\" content=\"Instrucciones para la aplicaci\u00f3n - Becas Colombia Biodiversa\" \/>\n<meta property=\"og:description\" content=\"La convocatoria II - 2026 estar\u00e1 abierta en el segundo semestre del a\u00f1o\" \/>\n<meta property=\"og:url\" content=\"https:\/\/www.faae.org.co\/colombiabiodiversa\/instrucciones-para-la-aplicacion\/\" \/>\n<meta property=\"og:site_name\" content=\"Becas Colombia Biodiversa\" \/>\n<meta property=\"article:modified_time\" content=\"2026-04-15T18:56:16+00:00\" \/>\n<meta property=\"og:image\" content=\"https:\/\/www.faae.org.co\/colombiabiodiversa\/wp-content\/uploads\/2026\/04\/COLBIO-2026-CIERRE-1200-x-630.jpg\" \/>\n\t<meta property=\"og:image:width\" content=\"1200\" \/>\n\t<meta property=\"og:image:height\" content=\"630\" \/>\n\t<meta property=\"og:image:type\" content=\"image\/jpeg\" \/>\n<meta name=\"twitter:card\" content=\"summary_large_image\" \/>\n<meta name=\"twitter:label1\" content=\"Tiempo de lectura\" \/>\n\t<meta name=\"twitter:data1\" content=\"9 minutos\" \/>\n<script type=\"application\/ld+json\" class=\"yoast-schema-graph\">{\"@context\":\"https:\\\/\\\/schema.org\",\"@graph\":[{\"@type\":\"WebPage\",\"@id\":\"https:\\\/\\\/www.faae.org.co\\\/colombiabiodiversa\\\/instrucciones-para-la-aplicacion\\\/\",\"url\":\"https:\\\/\\\/www.faae.org.co\\\/colombiabiodiversa\\\/instrucciones-para-la-aplicacion\\\/\",\"name\":\"Instrucciones para la aplicaci\u00f3n - Becas Colombia Biodiversa\",\"isPartOf\":{\"@id\":\"https:\\\/\\\/www.faae.org.co\\\/colombiabiodiversa\\\/#website\"},\"datePublished\":\"2021-05-28T12:40:26+00:00\",\"dateModified\":\"2026-04-15T18:56:16+00:00\",\"description\":\"Convocatoria II \u2013 2025, del 14 de enero al 13 de marzo. Las Becas Colombia Biodiversa est\u00e1n dirigidas a estudiantes de pregrado y maestr\u00eda para apoyar tesis de grado sobre conocimiento, conservaci\u00f3n y uso sostenible de la biodiversidad de Colombia.\",\"breadcrumb\":{\"@id\":\"https:\\\/\\\/www.faae.org.co\\\/colombiabiodiversa\\\/instrucciones-para-la-aplicacion\\\/#breadcrumb\"},\"inLanguage\":\"es-CO\",\"potentialAction\":[{\"@type\":\"ReadAction\",\"target\":[\"https:\\\/\\\/www.faae.org.co\\\/colombiabiodiversa\\\/instrucciones-para-la-aplicacion\\\/\"]}]},{\"@type\":\"BreadcrumbList\",\"@id\":\"https:\\\/\\\/www.faae.org.co\\\/colombiabiodiversa\\\/instrucciones-para-la-aplicacion\\\/#breadcrumb\",\"itemListElement\":[{\"@type\":\"ListItem\",\"position\":1,\"name\":\"Inicio\",\"item\":\"https:\\\/\\\/www.faae.org.co\\\/colombiabiodiversa\\\/\"},{\"@type\":\"ListItem\",\"position\":2,\"name\":\"Instrucciones para la aplicaci\u00f3n\"}]},{\"@type\":\"WebSite\",\"@id\":\"https:\\\/\\\/www.faae.org.co\\\/colombiabiodiversa\\\/#website\",\"url\":\"https:\\\/\\\/www.faae.org.co\\\/colombiabiodiversa\\\/\",\"name\":\"Becas Colombia Biodiversa\",\"description\":\"Una puerta al conocimiento\",\"potentialAction\":[{\"@type\":\"SearchAction\",\"target\":{\"@type\":\"EntryPoint\",\"urlTemplate\":\"https:\\\/\\\/www.faae.org.co\\\/colombiabiodiversa\\\/?s={search_term_string}\"},\"query-input\":{\"@type\":\"PropertyValueSpecification\",\"valueRequired\":true,\"valueName\":\"search_term_string\"}}],\"inLanguage\":\"es-CO\"}]}<\/script>\n<!-- \/ Yoast SEO plugin. -->","yoast_head_json":{"title":"Instrucciones para la aplicaci\u00f3n - Becas Colombia Biodiversa","description":"Convocatoria II \u2013 2025, del 14 de enero al 13 de marzo. Las Becas Colombia Biodiversa est\u00e1n dirigidas a estudiantes de pregrado y maestr\u00eda para apoyar tesis de grado sobre conocimiento, conservaci\u00f3n y uso sostenible de la biodiversidad de Colombia.","robots":{"index":"index","follow":"follow","max-snippet":"max-snippet:-1","max-image-preview":"max-image-preview:large","max-video-preview":"max-video-preview:-1"},"canonical":"https:\/\/www.faae.org.co\/colombiabiodiversa\/instrucciones-para-la-aplicacion\/","og_locale":"es_ES","og_type":"article","og_title":"Instrucciones para la aplicaci\u00f3n - Becas Colombia Biodiversa","og_description":"La convocatoria II - 2026 estar\u00e1 abierta en el segundo semestre del a\u00f1o","og_url":"https:\/\/www.faae.org.co\/colombiabiodiversa\/instrucciones-para-la-aplicacion\/","og_site_name":"Becas Colombia Biodiversa","article_modified_time":"2026-04-15T18:56:16+00:00","og_image":[{"width":1200,"height":630,"url":"https:\/\/www.faae.org.co\/colombiabiodiversa\/wp-content\/uploads\/2026\/04\/COLBIO-2026-CIERRE-1200-x-630.jpg","type":"image\/jpeg"}],"twitter_card":"summary_large_image","twitter_misc":{"Tiempo de lectura":"9 minutos"},"schema":{"@context":"https:\/\/schema.org","@graph":[{"@type":"WebPage","@id":"https:\/\/www.faae.org.co\/colombiabiodiversa\/instrucciones-para-la-aplicacion\/","url":"https:\/\/www.faae.org.co\/colombiabiodiversa\/instrucciones-para-la-aplicacion\/","name":"Instrucciones para la aplicaci\u00f3n - Becas Colombia Biodiversa","isPartOf":{"@id":"https:\/\/www.faae.org.co\/colombiabiodiversa\/#website"},"datePublished":"2021-05-28T12:40:26+00:00","dateModified":"2026-04-15T18:56:16+00:00","description":"Convocatoria II \u2013 2025, del 14 de enero al 13 de marzo. Las Becas Colombia Biodiversa est\u00e1n dirigidas a estudiantes de pregrado y maestr\u00eda para apoyar tesis de grado sobre conocimiento, conservaci\u00f3n y uso sostenible de la biodiversidad de Colombia.","breadcrumb":{"@id":"https:\/\/www.faae.org.co\/colombiabiodiversa\/instrucciones-para-la-aplicacion\/#breadcrumb"},"inLanguage":"es-CO","potentialAction":[{"@type":"ReadAction","target":["https:\/\/www.faae.org.co\/colombiabiodiversa\/instrucciones-para-la-aplicacion\/"]}]},{"@type":"BreadcrumbList","@id":"https:\/\/www.faae.org.co\/colombiabiodiversa\/instrucciones-para-la-aplicacion\/#breadcrumb","itemListElement":[{"@type":"ListItem","position":1,"name":"Inicio","item":"https:\/\/www.faae.org.co\/colombiabiodiversa\/"},{"@type":"ListItem","position":2,"name":"Instrucciones para la aplicaci\u00f3n"}]},{"@type":"WebSite","@id":"https:\/\/www.faae.org.co\/colombiabiodiversa\/#website","url":"https:\/\/www.faae.org.co\/colombiabiodiversa\/","name":"Becas Colombia Biodiversa","description":"Una puerta al conocimiento","potentialAction":[{"@type":"SearchAction","target":{"@type":"EntryPoint","urlTemplate":"https:\/\/www.faae.org.co\/colombiabiodiversa\/?s={search_term_string}"},"query-input":{"@type":"PropertyValueSpecification","valueRequired":true,"valueName":"search_term_string"}}],"inLanguage":"es-CO"}]}},"_links":{"self":[{"href":"https:\/\/www.faae.org.co\/colombiabiodiversa\/wp-json\/wp\/v2\/pages\/10","targetHints":{"allow":["GET"]}}],"collection":[{"href":"https:\/\/www.faae.org.co\/colombiabiodiversa\/wp-json\/wp\/v2\/pages"}],"about":[{"href":"https:\/\/www.faae.org.co\/colombiabiodiversa\/wp-json\/wp\/v2\/types\/page"}],"author":[{"embeddable":true,"href":"https:\/\/www.faae.org.co\/colombiabiodiversa\/wp-json\/wp\/v2\/users\/1"}],"replies":[{"embeddable":true,"href":"https:\/\/www.faae.org.co\/colombiabiodiversa\/wp-json\/wp\/v2\/comments?post=10"}],"version-history":[{"count":110,"href":"https:\/\/www.faae.org.co\/colombiabiodiversa\/wp-json\/wp\/v2\/pages\/10\/revisions"}],"predecessor-version":[{"id":3299,"href":"https:\/\/www.faae.org.co\/colombiabiodiversa\/wp-json\/wp\/v2\/pages\/10\/revisions\/3299"}],"wp:attachment":[{"href":"https:\/\/www.faae.org.co\/colombiabiodiversa\/wp-json\/wp\/v2\/media?parent=10"}],"curies":[{"name":"wp","href":"https:\/\/api.w.org\/{rel}","templated":true}]}}

Instrucciones para la aplicación

<!-- This site is optimized with the Yoast SEO plugin v27.5 - https://yoast.com/product/yoast-seo-wordpress/ -->
<title>Instrucciones para la aplicación - Becas Colombia Biodiversa</title>
<meta name="description" content="Convocatoria II – 2025, del 14 de enero al 13 de marzo. Las Becas Colombia Biodiversa están dirigidas a estudiantes de pregrado y maestría para apoyar tesis de grado sobre conocimiento, conservación y uso sostenible de la biodiversidad de Colombia." />
<meta name="robots" content="index, follow, max-snippet:-1, max-image-preview:large, max-video-preview:-1" />
<link rel="canonical" href="https://www.faae.org.co/colombiabiodiversa/instrucciones-para-la-aplicacion/" />
<meta property="og:locale" content="es_ES" />
<meta property="og:type" content="article" />
<meta property="og:title" content="Instrucciones para la aplicación - Becas Colombia Biodiversa" />
<meta property="og:description" content="La convocatoria II - 2026 estará abierta en el segundo semestre del año" />
<meta property="og:url" content="https://www.faae.org.co/colombiabiodiversa/instrucciones-para-la-aplicacion/" />
<meta property="og:site_name" content="Becas Colombia Biodiversa" />
<meta property="article:modified_time" content="2026-04-15T18:56:16+00:00" />
<meta property="og:image" content="https://www.faae.org.co/colombiabiodiversa/wp-content/uploads/2026/04/COLBIO-2026-CIERRE-1200-x-630.jpg" />
	<meta property="og:image:width" content="1200" />
	<meta property="og:image:height" content="630" />
	<meta property="og:image:type" content="image/jpeg" />
<meta name="twitter:card" content="summary_large_image" />
<meta name="twitter:label1" content="Tiempo de lectura" />
	<meta name="twitter:data1" content="9 minutos" />
<script type="application/ld+json" class="yoast-schema-graph">{"@context":"https:\/\/schema.org","@graph":[{"@type":"WebPage","@id":"https:\/\/www.faae.org.co\/colombiabiodiversa\/instrucciones-para-la-aplicacion\/","url":"https:\/\/www.faae.org.co\/colombiabiodiversa\/instrucciones-para-la-aplicacion\/","name":"Instrucciones para la aplicación - Becas Colombia Biodiversa","isPartOf":{"@id":"https:\/\/www.faae.org.co\/colombiabiodiversa\/#website"},"datePublished":"2021-05-28T12:40:26+00:00","dateModified":"2026-04-15T18:56:16+00:00","description":"Convocatoria II – 2025, del 14 de enero al 13 de marzo. Las Becas Colombia Biodiversa están dirigidas a estudiantes de pregrado y maestría para apoyar tesis de grado sobre conocimiento, conservación y uso sostenible de la biodiversidad de Colombia.","breadcrumb":{"@id":"https:\/\/www.faae.org.co\/colombiabiodiversa\/instrucciones-para-la-aplicacion\/#breadcrumb"},"inLanguage":"es-CO","potentialAction":[{"@type":"ReadAction","target":["https:\/\/www.faae.org.co\/colombiabiodiversa\/instrucciones-para-la-aplicacion\/"]}]},{"@type":"BreadcrumbList","@id":"https:\/\/www.faae.org.co\/colombiabiodiversa\/instrucciones-para-la-aplicacion\/#breadcrumb","itemListElement":[{"@type":"ListItem","position":1,"name":"Inicio","item":"https:\/\/www.faae.org.co\/colombiabiodiversa\/"},{"@type":"ListItem","position":2,"name":"Instrucciones para la aplicación"}]},{"@type":"WebSite","@id":"https:\/\/www.faae.org.co\/colombiabiodiversa\/#website","url":"https:\/\/www.faae.org.co\/colombiabiodiversa\/","name":"Becas Colombia Biodiversa","description":"Una puerta al conocimiento","potentialAction":[{"@type":"SearchAction","target":{"@type":"EntryPoint","urlTemplate":"https:\/\/www.faae.org.co\/colombiabiodiversa\/?s={search_term_string}"},"query-input":{"@type":"PropertyValueSpecification","valueRequired":true,"valueName":"search_term_string"}}],"inLanguage":"es-CO"}]}</script>
<!-- / Yoast SEO plugin. -->

Instrucciones para la aplicación - Becas Colombia Biodiversa

Convocatoria II – 2025, del 14 de enero al 13 de marzo. Las Becas Colombia Biodiversa están dirigidas a estudiantes de pregrado y maestría para apoyar tesis de grado sobre conocimiento, conservación y uso sostenible de la biodiversidad de Colombia.

La convocatoria II - 2026 estará abierta en el segundo semestre del año
